10.241.81.13 - - [08/Apr/2016:17:09:46 +0800] "GET /klaros-web/pages/subviews/execute/continueTestRuns.seam?conversationId=570 HTTP/1.1" 200 8572
10.241.81.13 - - [08/Apr/2016:17:09:49 +0800] "POST /klaros-web/pages/subviews/execute/continueTestRuns.seam HTTP/1.1" 200 241
10.241.81.13 - - [08/Apr/2016:17:09:49 +0800] "GET /klaros-web/pages/subviews/execute/testSuites.seam?conversationId=571 HTTP/1.1" 200 10736
10.241.81.13 - - [08/Apr/2016:17:11:05 +0800] "POST /klaros-web/pages/subviews/execute/testSuites.seam HTTP/1.1" 200 240
10.241.81.13 - - [08/Apr/2016:17:11:06 +0800] "GET /klaros-web/pages/subviews/execute/testCases.seam?conversationId=572 HTTP/1.1" 200 10760
10.241.81.73 - - [08/Apr/2016:17:16:08 +0800] "POST /klaros-web/pages/subviews/configure/settings/integrationSettings.seam HTTP/1.1" 200 163
10.241.81.73 - - [08/Apr/2016:17:16:08 +0800] "GET /klaros-web/pages/login.seam?conversationId=573 HTTP/1.1" 200 2400
10.241.81.73 - - [08/Apr/2016:17:16:14 +0800] "POST /klaros-web/pages/login.seam HTTP/1.1" 200 242
10.241.81.93 - - [08/Apr/2016:17:16:14 +0800] "POST /klaros-web/pages/subviews/configure/settings/integrationSettings.seam HTTP/1.1" 200 163
10.241.81.93 - - [08/Apr/2016:17:16:14 +0800] "POST /klaros-web/pages/subviews/configure/settings/integrationSettings.seam HTTP/1.1" 200 163
10.241.81.93 - - [08/Apr/2016:17:16:15 +0800] "GET /klaros-web/pages/login.seam?conversationId=576 HTTP/1.1" 200 15
10.241.81.93 - - [08/Apr/2016:17:16:15 +0800] "GET /klaros-web/pages/login.seam?conversationId=577 HTTP/1.1" 200 2401
10.241.81.73 - - [08/Apr/2016:17:16:15 +0800] "GET /klaros-web/pages/subviews/define/project/projects.seam?conversationId=575 HTTP/1.1" 200 10913
10.241.81.73 - - [08/Apr/2016:17:16:16 +0800] "GET /klaros-web/javax.faces.resource/icons/16x16/ui-radio-button-uncheck_16x16.png.seam?v=3_3_0_160121 HTTP/1.1" 200 382
10.241.81.93 - - [08/Apr/2016:17:16:16 +0800] "POST /klaros-web/pages/login.seam HTTP/1.1" 200 2782
10.241.81.93 - - [08/Apr/2016:17:16:18 +0800] "POST /klaros-web/pages/login.seam HTTP/1.1" 200 836
10.241.81.93 - - [08/Apr/2016:17:16:20 +0800] "POST /klaros-web/pages/login.seam HTTP/1.1" 200 242
10.241.81.93 - - [08/Apr/2016:17:16:20 +0800] "GET /klaros-web/pages/subviews/define/project/projects.seam?conversationId=582 HTTP/1.1" 200 11041
10.241.81.73 - - [08/Apr/2016:17:16:23 +0800] "POST /klaros-web/pages/subviews/define/project/projects.seam?conversationId=575 HTTP/1.1" 200 249
10.241.81.93 - - [08/Apr/2016:17:16:23 +0800] "POST /klaros-web/pages/subviews/define/project/projects.seam?conversationId=582 HTTP/1.1" 200 246
10.241.81.93 - - [08/Apr/2016:17:16:23 +0800] "GET /klaros-web/pages/subviews/configure/systemInformation.seam?conversationId=582 HTTP/1.1" 200 7374
10.241.81.73 - - [08/Apr/2016:17:16:24 +0800] "GET /klaros-web/pages/subviews/evaluate/reporting/dashboard/dashboard.seam?conversationId=575 HTTP/1.1" 200 25980
10.241.81.93 - - [08/Apr/2016:17:16:24 +0800] "POST /klaros-web/pages/subviews/configure/systemInformation.seam HTTP/1.1" 200 250
10.241.81.93 - - [08/Apr/2016:17:16:25 +0800] "GET /klaros-web/pages/subviews/configure/settings/integrationSettings.seam?conversationId=583 HTTP/1.1" 200 10851
10.241.81.73 - - [08/Apr/2016:17:16:28 +0800] "POST /klaros-web/pages/subviews/evaluate/reporting/dashboard/dashboard.seam HTTP/1.1" 200 246
10.241.81.73 - - [08/Apr/2016:17:16:28 +0800] "GET /klaros-web/pages/subviews/configure/systemInformation.seam?conversationId=585 HTTP/1.1" 200 7231
10.241.81.73 - - [08/Apr/2016:17:16:30 +0800] "POST /klaros-web/pages/subviews/configure/systemInformation.seam HTTP/1.1" 200 250
10.241.81.73 - - [08/Apr/2016:17:16:30 +0800] "GET /klaros-web/pages/subviews/configure/settings/integrationSettings.seam?conversationId=586 HTTP/1.1" 200 10737
10.241.81.93 - - [08/Apr/2016:17:16:31 +0800] "POST /klaros-web/pages/subviews/configure/settings/integrationSettings.seam HTTP/1.1" 200 1555
10.241.81.93 - - [08/Apr/2016:17:16:33 +0800] "POST /klaros-web/pages/subviews/configure/settings/integrationSettings.seam HTTP/1.1" 200 2051
10.241.81.73 - - [08/Apr/2016:17:16:34 +0800] "POST /klaros-web/pages/subviews/define/project/projects.seam?conversationId=575 HTTP/1.1" 200 -
10.241.81.93 - - [08/Apr/2016:17:16:34 +0800] "POST /klaros-web/pages/subviews/configure/settings/integrationSettings.seam HTTP/1.1" 200 1558
10.241.81.73 - - [08/Apr/2016:17:16:36 +0800] "POST /klaros-web/pages/subviews/configure/settings/integrationSettings.seam HTTP/1.1" 200 1323
10.241.81.73 - - [08/Apr/2016:17:16:42 +0800] "POST /klaros-web/pages/subviews/configure/settings/integrationSettings.seam HTTP/1.1" 200 1465
10.241.81.93 - - [08/Apr/2016:17:16:42 +0800] "POST /klaros-web/pages/subviews/configure/settings/integrationSettings.seam HTTP/1.1" 200 860
10.241.81.73 - - [08/Apr/2016:17:16:44 +0800] "POST /klaros-web/javax.faces.resource/listen.icepush.xml.seam?loc= HTTP/1.1" 200 -
10.241.81.73 - - [08/Apr/2016:17:16:52 +0800] "POST /klaros-web/pages/subviews/configure/settings/integrationSettings.seam HTTP/1.1" 200 1128
10.241.81.73 - - [08/Apr/2016:17:16:53 +0800] "POST /klaros-web/pages/subviews/configure/settings/integrationSettings.seam HTTP/1.1" 200 769
10.241.81.73 - - [08/Apr/2016:17:16:55 +0800] "POST /klaros-web/pages/subviews/configure/settings/integrationSettings.seam HTTP/1.1" 200 782
10.241.81.93 - - [08/Apr/2016:17:16:56 +0800] "POST /klaros-web/pages/subviews/configure/settings/integrationSettings.seam HTTP/1.1" 200 1666
10.241.81.93 - - [08/Apr/2016:17:16:56 +0800] "POST /klaros-web/pages/subviews/configure/settings/integrationSettings.seam HTTP/1.1" 200 753
10.241.81.73 - - [08/Apr/2016:17:16:57 +0800] "POST /klaros-web/pages/subviews/configure/settings/integrationSettings.seam HTTP/1.1" 200 858
10.241.81.93 - - [08/Apr/2016:17:17:10 +0800] "POST /klaros-web/pages/subviews/configure/settings/integrationSettings.seam HTTP/1.1" 200 1484
10.241.81.73 - - [08/Apr/2016:17:17:10 +0800] "POST /klaros-web/pages/subviews/configure/settings/integrationSettings.seam HTTP/1.1" 200 697
10.241.81.93 - - [08/Apr/2016:17:17:18 +0800] "POST /klaros-web/pages/subviews/configure/settings/integrationSettings.seam HTTP/1.1" 200 756
10.241.81.93 - - [08/Apr/2016:17:17:22 +0800] "POST /klaros-web/pages/subviews/configure/settings/integrationSettings.seam HTTP/1.1" 200 626
10.241.81.73 - - [08/Apr/2016:17:17:32 +0800] "POST /klaros-web/pages/subviews/configure/settings/integrationSettings.seam HTTP/1.1" 200 708
10.241.81.93 - - [08/Apr/2016:17:17:37 +0800] "POST /klaros-web/pages/subviews/configure/settings/integrationSettings.seam HTTP/1.1" 200 1443
10.241.81.73 - - [08/Apr/2016:17:17:38 +0800] "POST /klaros-web/pages/subviews/configure/settings/integrationSettings.seam HTTP/1.1" 200 694
10.241.81.93 - - [08/Apr/2016:17:17:39 +0800] "POST /klaros-web/pages/subviews/configure/settings/integrationSettings.seam HTTP/1.1" 200 1407
10.241.81.73 - - [08/Apr/2016:17:17:42 +0800] "POST /klaros-web/pages/subviews/configure/settings/integrationSettings.seam HTTP/1.1" 200 722
10.241.81.73 - - [08/Apr/2016:17:17:46 +0800] "POST /klaros-web/pages/subviews/configure/settings/integrationSettings.seam HTTP/1.1" 200 705
10.241.81.93 - - [08/Apr/2016:17:17:52 +0800] "POST /klaros-web/pages/subviews/configure/settings/integrationSettings.seam HTTP/1.1" 200 623
10.241.81.93 - - [08/Apr/2016:17:17:55 +0800] "POST /klaros-web/pages/subviews/configure/settings/integrationSettings.seam HTTP/1.1" 200 491
10.241.81.93 - - [08/Apr/2016:17:17:57 +0800] "POST /klaros-web/pages/subviews/configure/settings/integrationSettings.seam HTTP/1.1" 200 1394
10.241.81.93 - - [08/Apr/2016:17:18:02 +0800] "POST /klaros-web/pages/subviews/configure/settings/integrationSettings.seam HTTP/1.1" 200 1387
10.241.81.13 - - [08/Apr/2016:17:18:23 +0800] "POST /klaros-web/pages/subviews/execute/testCases.seam HTTP/1.1" 200 241
10.241.81.13 - - [08/Apr/2016:17:18:24 +0800] "GET /klaros-web/pages/subviews/execute/testSuites.seam?conversationId=613 HTTP/1.1" 200 10728
10.241.81.93 - - [08/Apr/2016:17:18:25 +0800] "POST /klaros-web/pages/subviews/configure/settings/integrationSettings.seam HTTP/1.1" 200 1959
10.241.81.93 - - [08/Apr/2016:17:18:26 +0800] "POST /klaros-web/pages/subviews/configure/settings/integrationSettings.seam HTTP/1.1" 200 1406
10.241.81.13 - - [08/Apr/2016:17:18:29 +0800] "POST /klaros-web/pages/subviews/execute/testSuites.seam HTTP/1.1" 200 244
10.241.81.13 - - [08/Apr/2016:17:18:29 +0800] "GET /klaros-web/pages/subviews/execute/continueTestRuns.seam?conversationId=616 HTTP/1.1" 200 8572
10.241.81.13 - - [08/Apr/2016:17:18:33 +0800] "POST /klaros-web/pages/subviews/execute/continueTestRuns.seam HTTP/1.1" 200 241
10.241.81.13 - - [08/Apr/2016:17:18:34 +0800] "GET /klaros-web/pages/subviews/execute/testSuites.seam?conversationId=617 HTTP/1.1" 200 10730
10.241.81.93 - - [08/Apr/2016:17:18:35 +0800] "POST /klaros-web/pages/subviews/configure/settings/integrationSettings.seam HTTP/1.1" 200 1929
10.241.81.13 - - [08/Apr/2016:17:18:39 +0800] "POST /klaros-web/pages/subviews/execute/testSuites.seam HTTP/1.1" 200 2801
10.241.81.93 - - [08/Apr/2016:17:18:44 +0800] "POST /klaros-web/pages/subviews/configure/settings/integrationSettings.seam HTTP/1.1" 200 1406
10.241.81.13 - - [08/Apr/2016:17:18:48 +0800] "POST /klaros-web/pages/subviews/execute/testSuites.seam HTTP/1.1" 200 801
10.241.81.93 - - [08/Apr/2016:17:19:00 +0800] "POST /klaros-web/pages/subviews/configure/settings/integrationSettings.seam HTTP/1.1" 200 3561
10.241.81.93 - - [08/Apr/2016:17:19:00 +0800] "GET /klaros-web/javax.faces.resource/icons/16x16/configure/jira-16x16.png.seam?v=3_3_0_160121 HTTP/1.1" 200 464
10.241.81.93 - - [08/Apr/2016:17:19:05 +0800] "POST /klaros-web/pages/subviews/configure/settings/integrationSettings.seam HTTP/1.1" 200 436
10.241.81.93 - - [08/Apr/2016:17:19:11 +0800] "POST /klaros-web/pages/subviews/configure/settings/integrationSettings.seam HTTP/1.1" 200 465
10.241.81.93 - - [08/Apr/2016:17:19:14 +0800] "POST /klaros-web/pages/subviews/configure/settings/integrationSettings.seam HTTP/1.1" 200 489
10.241.81.93 - - [08/Apr/2016:17:19:33 +0800] "POST /klaros-web/pages/subviews/configure/settings/integrationSettings.seam HTTP/1.1" 200 490
10.241.81.93 - - [08/Apr/2016:17:19:34 +0800] "POST /klaros-web/pages/subviews/configure/settings/integrationSettings.seam HTTP/1.1" 200 1412
10.241.81.93 - - [08/Apr/2016:17:19:37 +0800] "POST /klaros-web/pages/subviews/configure/settings/integrationSettings.seam HTTP/1.1" 200 2527
10.241.81.93 - - [08/Apr/2016:17:19:48 +0800] "POST /klaros-web/pages/subviews/configure/settings/integrationSettings.seam HTTP/1.1" 200 1006
10.241.81.93 - - [08/Apr/2016:17:19:49 +0800] "POST /klaros-web/pages/subviews/configure/settings/integrationSettings.seam HTTP/1.1" 200 753
10.241.81.93 - - [08/Apr/2016:17:20:01 +0800] "POST /klaros-web/pages/subviews/configure/settings/integrationSettings.seam HTTP/1.1" 200 1422
10.241.81.73 - - [08/Apr/2016:17:20:46 +0800] "POST /klaros-web/pages/subviews/configure/settings/integrationSettings.seam HTTP/1.1" 200 2932
10.241.81.73 - - [08/Apr/2016:17:20:48 +0800] "POST /klaros-web/pages/subviews/configure/settings/integrationSettings.seam HTTP/1.1" 200 834
10.241.81.73 - - [08/Apr/2016:17:21:11 +0800] "POST /klaros-web/pages/subviews/configure/settings/integrationSettings.seam HTTP/1.1" 200 858
10.241.81.93 - - [08/Apr/2016:17:21:24 +0800] "POST /klaros-web/pages/subviews/configure/settings/integrationSettings.seam HTTP/1.1" 200 2522
10.241.81.93 - - [08/Apr/2016:17:21:25 +0800] "POST /klaros-web/pages/subviews/configure/settings/integrationSettings.seam HTTP/1.1" 200 423
10.241.81.93 - - [08/Apr/2016:17:21:25 +0800] "POST /klaros-web/pages/subviews/configure/settings/integrationSettings.seam HTTP/1.1" 200 348
10.241.81.93 - - [08/Apr/2016:17:21:35 +0800] "POST /klaros-web/pages/subviews/configure/settings/integrationSettings.seam HTTP/1.1" 200 348
10.241.81.73 - - [08/Apr/2016:17:22:10 +0800] "POST /klaros-web/pages/subviews/configure/settings/integrationSettings.seam HTTP/1.1" 200 854
10.241.81.73 - - [08/Apr/2016:17:22:13 +0800] "POST /klaros-web/pages/subviews/configure/settings/integrationSettings.seam HTTP/1.1" 200 856
10.241.81.73 - - [08/Apr/2016:17:22:20 +0800] "POST /klaros-web/pages/subviews/configure/settings/integrationSettings.seam HTTP/1.1" 200 726
10.241.81.13 - - [08/Apr/2016:17:23:16 +0800] "POST /klaros-web/pages/subviews/execute/testSuites.seam HTTP/1.1" 200 1454
10.241.81.13 - - [08/Apr/2016:17:23:18 +0800] "POST /klaros-web/pages/subviews/execute/testSuites.seam HTTP/1.1" 200 252
10.241.81.13 - - [08/Apr/2016:17:23:18 +0800] "GET /klaros-web/pages/subviews/evaluate/reporting/testRuns/testRunReports.seam?conversationId=643 HTTP/1.1" 200 9944
10.241.81.73 - - [08/Apr/2016:17:23:47 +0800] "POST /klaros-web/pages/subviews/configure/settings/integrationSettings.seam HTTP/1.1" 200 249
10.241.81.73 - - [08/Apr/2016:17:23:47 +0800] "GET /klaros-web/pages/subviews/configure/settings/generalSettings.seam?conversationId=644 HTTP/1.1" 200 7812
10.241.81.73 - - [08/Apr/2016:17:23:49 +0800] "POST /klaros-web/pages/subviews/configure/settings/generalSettings.seam HTTP/1.1" 200 242
10.241.81.73 - - [08/Apr/2016:17:23:50 +0800] "GET /klaros-web/pages/subviews/define/project/projects.seam?conversationId=645 HTTP/1.1" 200 11120
10.241.81.73 - - [08/Apr/2016:17:23:53 +0800] "POST /klaros-web/pages/subviews/define/project/projects.seam HTTP/1.1" 200 242
10.241.81.73 - - [08/Apr/2016:17:23:54 +0800] "GET /klaros-web/pages/subviews/define/testCase/testCases.seam?conversationId=646 HTTP/1.1" 200 13774
10.241.81.73 - - [08/Apr/2016:17:24:03 +0800] "POST /klaros-web/javax.faces.resource/listen.icepush.xml.seam?loc= HTTP/1.1" 200 -
10.241.81.73 - - [08/Apr/2016:17:24:07 +0800] "POST /klaros-web/pages/subviews/define/testCase/testCases.seam HTTP/1.1" 200 243
10.241.81.73 - - [08/Apr/2016:17:24:07 +0800] "GET /klaros-web/pages/subviews/define/testSuite/testSuites.seam?conversationId=647 HTTP/1.1" 200 13524
10.241.81.73 - - [08/Apr/2016:17:24:19 +0800] "POST /klaros-web/pages/subviews/define/testSuite/testSuites.seam HTTP/1.1" 200 239
10.241.81.73 - - [08/Apr/2016:17:24:19 +0800] "GET /klaros-web/pages/subviews/define/sut/suts.seam?conversationId=648 HTTP/1.1" 200 12338
10.241.81.73 - - [08/Apr/2016:17:24:30 +0800] "POST /klaros-web/pages/subviews/define/sut/suts.seam HTTP/1.1" 200 248
10.241.81.73 - - [08/Apr/2016:17:24:31 +0800] "GET /klaros-web/pages/subviews/define/environment/testEnvironments.seam?conversationId=649 HTTP/1.1" 200 12265
10.241.81.73 - - [08/Apr/2016:17:24:36 +0800] "POST /klaros-web/pages/subviews/define/environment/testEnvironments.seam HTTP/1.1" 200 242
10.241.81.73 - - [08/Apr/2016:17:24:36 +0800] "GET /klaros-web/pages/subviews/define/project/projects.seam?conversationId=650 HTTP/1.1" 200 11123
10.241.81.73 - - [08/Apr/2016:17:24:44 +0800] "POST /klaros-web/pages/subviews/define/project/projects.seam HTTP/1.1" 200 251
10.241.81.73 - - [08/Apr/2016:17:24:45 +0800] "GET /klaros-web/pages/subviews/evaluate/reporting/testRuns/testRunReports.seam?conversationId=651 HTTP/1.1" 200 10021
10.241.81.73 - - [08/Apr/2016:17:24:45 +0800] "GET /klaros-web/javax.faces.resource/icons/16x16/process-stop.png.seam?loc=&v=3_3_0_160121 HTTP/1.1" 200 761
10.241.81.73 - - [08/Apr/2016:17:24:45 +0800] "GET /klaros-web/javax.faces.resource/icons/16x16/Skipped-16x16.png.seam?loc=&v=3_3_0_160121 HTTP/1.1" 200 436
10.241.81.13 - - [08/Apr/2016:17:30:55 +0800] "POST /klaros-web/pages/subviews/evaluate/reporting/testRuns/testRunReports.seam HTTP/1.1" 200 247
10.241.81.13 - - [08/Apr/2016:17:30:55 +0800] "GET /klaros-web/pages/subviews/evaluate/results/testCases/testCases.seam?conversationId=652 HTTP/1.1" 200 9696
10.241.81.13 - - [08/Apr/2016:17:30:57 +0800] "POST /klaros-web/pages/subviews/evaluate/results/testCases/testCases.seam HTTP/1.1" 200 252
10.241.81.13 - - [08/Apr/2016:17:30:57 +0800] "GET /klaros-web/pages/subviews/evaluate/reporting/testRuns/testRunReports.seam?conversationId=653 HTTP/1.1" 200 9946
10.241.81.13 - - [08/Apr/2016:17:31:04 +0800] "POST /klaros-web/pages/subviews/evaluate/reporting/testRuns/testRunReports.seam HTTP/1.1" 200 250
10.241.81.13 - - [08/Apr/2016:17:31:05 +0800] "GET /klaros-web/pages/subviews/evaluate/reporting/testHistoryReport.seam?conversationId=654 HTTP/1.1" 200 6518
10.241.81.13 - - [08/Apr/2016:17:31:05 +0800] "GET /klaros-web/javax.faces.resource/images/ui-bg_highlight-soft_75_ffa600_1x100.png.seam?ln=ace-klarostheme&v=3_3_0_160121 HTTP/1.1" 200 176
10.241.81.13 - - [08/Apr/2016:17:31:08 +0800] "POST /klaros-web/pages/subviews/evaluate/reporting/testHistoryReport.seam HTTP/1.1" 200 251
10.241.81.13 - - [08/Apr/2016:17:31:08 +0800] "GET /klaros-web/pages/subviews/evaluate/reporting/testRuns/testRunReports.seam?conversationId=655 HTTP/1.1" 200 9943
10.241.81.13 - - [08/Apr/2016:17:31:09 +0800] "POST /klaros-web/pages/subviews/evaluate/reporting/testRuns/testRunReports.seam HTTP/1.1" 200 247
10.241.81.13 - - [08/Apr/2016:17:31:09 +0800] "GET /klaros-web/pages/subviews/evaluate/results/testCases/testCases.seam?conversationId=656 HTTP/1.1" 200 9698
10.241.81.13 - - [08/Apr/2016:17:31:12 +0800] "POST /klaros-web/pages/subviews/evaluate/results/testCases/testCases.seam HTTP/1.1" 200 249
10.241.81.13 - - [08/Apr/2016:17:31:12 +0800] "GET /klaros-web/pages/subviews/evaluate/results/testSuites/testSuites.seam?conversationId=657 HTTP/1.1" 200 8735
10.241.81.13 - - [08/Apr/2016:17:31:16 +0800] "POST /klaros-web/pages/subviews/evaluate/results/testSuites/testSuites.seam HTTP/1.1" 200 243
10.241.81.13 - - [08/Apr/2016:17:31:16 +0800] "GET /klaros-web/pages/subviews/evaluate/issues/testCases.seam?conversationId=658 HTTP/1.1" 200 5810
10.241.81.13 - - [08/Apr/2016:17:31:19 +0800] "POST /klaros-web/pages/subviews/evaluate/issues/testCases.seam HTTP/1.1" 200 246
10.241.81.13 - - [08/Apr/2016:17:31:20 +0800] "GET /klaros-web/pages/subviews/define/project/projectDetails.seam?conversationId=659 HTTP/1.1" 200 11423
10.241.81.13 - - [08/Apr/2016:17:31:25 +0800] "POST /klaros-web/pages/subviews/define/project/projectDetails.seam HTTP/1.1" 200 249
10.241.81.13 - - [08/Apr/2016:17:31:25 +0800] "GET /klaros-web/pages/subviews/configure/settings/integrationSettings.seam?conversationId=660 HTTP/1.1" 200 11106
10.241.81.93 - - [08/Apr/2016:17:33:23 +0800] "POST /klaros-web/pages/subviews/configure/settings/integrationSettings.seam HTTP/1.1" 200 792
10.241.81.93 - - [08/Apr/2016:17:33:29 +0800] "POST /klaros-web/pages/subviews/configure/settings/integrationSettings.seam HTTP/1.1" 200 348
10.241.81.93 - - [08/Apr/2016:17:33:30 +0800] "POST /klaros-web/pages/subviews/configure/settings/integrationSettings.seam HTTP/1.1" 200 1881
10.241.81.93 - - [08/Apr/2016:17:33:33 +0800] "POST /klaros-web/pages/subviews/configure/settings/integrationSettings.seam HTTP/1.1" 200 812
10.241.81.93 - - [08/Apr/2016:17:33:42 +0800] "POST /klaros-web/pages/subviews/configure/settings/integrationSettings.seam HTTP/1.1" 200 1435
10.241.81.93 - - [08/Apr/2016:17:35:12 +0800] "POST /klaros-web/pages/subviews/configure/settings/integrationSettings.seam HTTP/1.1" 200 1946
10.241.81.93 - - [08/Apr/2016:17:35:13 +0800] "POST /klaros-web/pages/subviews/configure/settings/integrationSettings.seam HTTP/1.1" 200 753
10.241.81.93 - - [08/Apr/2016:17:35:35 +0800] "POST /klaros-web/pages/subviews/configure/settings/integrationSettings.seam HTTP/1.1" 200 1423
10.241.81.13 - - [08/Apr/2016:17:36:43 +0800] "POST /klaros-web/pages/subviews/configure/settings/integrationSettings.seam HTTP/1.1" 200 1426
10.241.81.13 - - [08/Apr/2016:17:36:44 +0800] "POST /klaros-web/pages/subviews/configure/settings/integrationSettings.seam HTTP/1.1" 200 242
10.241.81.13 - - [08/Apr/2016:17:36:45 +0800] "GET /klaros-web/pages/subviews/configure/backup/backup.seam?conversationId=670 HTTP/1.1" 200 9425
10.241.81.13 - - [08/Apr/2016:17:36:47 +0800] "POST /klaros-web/pages/subviews/configure/backup/backup.seam HTTP/1.1" 200 249
10.241.81.13 - - [08/Apr/2016:17:36:47 +0800] "GET /klaros-web/pages/subviews/configure/settings/generalSettings.seam?conversationId=671 HTTP/1.1" 200 7711
10.241.81.13 - - [08/Apr/2016:17:36:48 +0800] "POST /klaros-web/javax.faces.resource/listen.icepush.xml.seam?loc= HTTP/1.1" 200 -
10.241.81.13 - - [08/Apr/2016:17:36:49 +0800] "POST /klaros-web/pages/subviews/configure/settings/generalSettings.seam HTTP/1.1" 200 241
10.241.81.13 - - [08/Apr/2016:17:36:49 +0800] "GET /klaros-web/pages/subviews/configure/user/users.seam?conversationId=672 HTTP/1.1" 200 11423
10.241.81.13 - - [08/Apr/2016:17:36:50 +0800] "POST /klaros-web/pages/subviews/configure/user/users.seam HTTP/1.1" 200 247
10.241.81.13 - - [08/Apr/2016:17:36:51 +0800] "GET /klaros-web/pages/subviews/configure/systemInformation.seam?conversationId=673 HTTP/1.1" 200 7410
10.241.81.13 - - [08/Apr/2016:17:36:52 +0800] "POST /klaros-web/javax.faces.resource/listen.icepush.xml.seam?loc= HTTP/1.1" 200 -
10.241.81.13 - - [08/Apr/2016:17:36:52 +0800] "POST /klaros-web/pages/subviews/configure/systemInformation.seam HTTP/1.1" 200 249
10.241.81.13 - - [08/Apr/2016:17:36:52 +0800] "GET /klaros-web/pages/subviews/configure/settings/generalSettings.seam?conversationId=674 HTTP/1.1" 200 7711
10.241.81.13 - - [08/Apr/2016:17:36:53 +0800] "POST /klaros-web/javax.faces.resource/listen.icepush.xml.seam?loc= HTTP/1.1" 200 -
10.241.81.13 - - [08/Apr/2016:17:36:54 +0800] "POST /klaros-web/pages/subviews/configure/settings/generalSettings.seam HTTP/1.1" 200 250
10.241.81.13 - - [08/Apr/2016:17:36:54 +0800] "GET /klaros-web/pages/subviews/configure/settings/integrationSettings.seam?conversationId=675 HTTP/1.1" 200 9453
10.241.81.13 - - [08/Apr/2016:17:36:58 +0800] "POST /klaros-web/pages/subviews/configure/settings/integrationSettings.seam HTTP/1.1" 200 243
10.241.81.13 - - [08/Apr/2016:17:36:58 +0800] "GET /klaros-web/pages/subviews/evaluate/issues/testCases.seam?conversationId=676 HTTP/1.1" 200 5811
10.241.81.13 - - [08/Apr/2016:17:37:01 +0800] "POST /klaros-web/pages/subviews/evaluate/issues/testCases.seam HTTP/1.1" 200 249
10.241.81.13 - - [08/Apr/2016:17:37:02 +0800] "GET /klaros-web/pages/subviews/evaluate/reporting/dashboard/dashboard.seam?conversationId=677 HTTP/1.1" 200 26158
10.241.81.13 - - [08/Apr/2016:17:37:09 +0800] "POST /klaros-web/javax.faces.resource/listen.icepush.xml.seam?loc= HTTP/1.1" 200 -
10.241.81.13 - - [08/Apr/2016:17:39:15 +0800] "POST /klaros-web/pages/subviews/evaluate/reporting/dashboard/dashboard.seam HTTP/1.1" 200 249
10.241.81.13 - - [08/Apr/2016:17:39:15 +0800] "GET /klaros-web/pages/subviews/evaluate/results/testSuites/testSuites.seam?conversationId=678 HTTP/1.1" 200 8734
10.241.81.93 - - [08/Apr/2016:17:39:37 +0800] "POST /klaros-web/pages/subviews/configure/settings/integrationSettings.seam HTTP/1.1" 200 775
10.241.81.13 - - [08/Apr/2016:17:39:46 +0800] "POST /klaros-web/pages/subviews/evaluate/results/testSuites/testSuites.seam HTTP/1.1" 200 243
10.241.81.13 - - [08/Apr/2016:17:39:46 +0800] "GET /klaros-web/pages/subviews/evaluate/issues/testCases.seam?conversationId=680 HTTP/1.1" 200 5813
10.241.81.13 - - [08/Apr/2016:17:41:41 +0800] "POST /klaros-web/pages/subviews/evaluate/issues/testCases.seam HTTP/1.1" 200 245
10.241.81.13 - - [08/Apr/2016:17:41:41 +0800] "GET /klaros-web/pages/subviews/define/project/projectDetails.seam?conversationId=681 HTTP/1.1" 200 11414
10.241.81.13 - - [08/Apr/2016:17:41:46 +0800] "POST /klaros-web/pages/subviews/define/project/projectDetails.seam HTTP/1.1" 200 2077
10.241.81.13 - - [08/Apr/2016:17:41:55 +0800] "POST /klaros-web/pages/subviews/define/project/projectDetails.seam HTTP/1.1" 200 1618
10.241.81.13 - - [08/Apr/2016:17:41:58 +0800] "POST /klaros-web/pages/subviews/define/project/projectDetails.seam HTTP/1.1" 200 1233
10.241.81.73 - - [08/Apr/2016:17:51:38 +0800] "GET / HTTP/1.1" 200 2104
10.241.81.73 - - [08/Apr/2016:17:52:05 +0800] "GET /manager/status HTTP/1.1" 401 1152
10.241.81.73 - - [08/Apr/2016:17:52:26 +0800] "GET /manager/status HTTP/1.1" 401 1152
10.241.81.73 - - [08/Apr/2016:17:52:33 +0800] "GET /manager/status HTTP/1.1" 401 1152
10.241.81.73 - - [08/Apr/2016:17:52:54 +0800] "GET /manager/status HTTP/1.1" 401 1152
